{"id":17,"date":"2021-02-01T17:53:01","date_gmt":"2021-02-01T17:53:01","guid":{"rendered":"https:\/\/tbrabogados.es\/?page_id=17"},"modified":"2021-06-05T11:01:55","modified_gmt":"2021-06-05T11:01:55","slug":"servicios-juridicos","status":"publish","type":"page","link":"https:\/\/tbrabogados.es\/?page_id=17","title":{"rendered":""},"content":{"rendered":"\t\t<div data-elementor-type=\"wp-page\" data-elementor-id=\"17\" class=\"elementor elementor-17\">\n\t\t\t\t\t\t<section class=\"elementor-section elementor-top-section elementor-element elementor-element-cae104a elementor-section-boxed elementor-section-height-default elementor-section-height-default\" data-id=\"cae104a\" data-element_type=\"section\">\n\t\t\t\t\t\t<div class=\"elementor-container elementor-column-gap-default\">\n\t\t\t\t\t<div class=\"elementor-column elementor-col-100 elementor-top-column elementor-element elementor-element-27bbe85\" data-id=\"27bbe85\" data-element_type=\"column\">\n\t\t\t<div class=\"elementor-widget-wrap elementor-element-populated\">\n\t\t\t\t\t\t<div class=\"elementor-element elementor-element-91607eb elementor-widget elementor-widget-spacer\" data-id=\"91607eb\" data-element_type=\"widget\" data-widget_type=\"spacer.default\">\n\t\t\t\t<div class=\"elementor-widget-container\">\n\t\t\t\t\t\t\t<div class=\"elementor-spacer\">\n\t\t\t<div class=\"elementor-spacer-inner\"><\/div>\n\t\t<\/div>\n\t\t\t\t\t\t<\/div>\n\t\t\t\t<\/div>\n\t\t\t\t\t<\/div>\n\t\t<\/div>\n\t\t\t\t\t<\/div>\n\t\t<\/section>\n\t\t\t\t<section class=\"elementor-section elementor-top-section elementor-element elementor-element-da5da9a elementor-section-boxed elementor-section-height-default elementor-section-height-default\" data-id=\"da5da9a\" data-element_type=\"section\">\n\t\t\t\t\t\t<div class=\"elementor-container elementor-column-gap-default\">\n\t\t\t\t\t<div class=\"elementor-column elementor-col-100 elementor-top-column elementor-element elementor-element-4c93e23\" data-id=\"4c93e23\" data-element_type=\"column\">\n\t\t\t<div class=\"elementor-widget-wrap elementor-element-populated\">\n\t\t\t\t\t\t<div class=\"elementor-element elementor-element-84b1839 elementor-widget elementor-widget-heading\" data-id=\"84b1839\" data-element_type=\"widget\" data-widget_type=\"heading.default\">\n\t\t\t\t<div class=\"elementor-widget-container\">\n\t\t\t\t\t<h2 class=\"elementor-heading-title elementor-size-xl\">DERECHO DE FAMILIA<\/h2>\t\t\t\t<\/div>\n\t\t\t\t<\/div>\n\t\t\t\t\t<\/div>\n\t\t<\/div>\n\t\t\t\t\t<\/div>\n\t\t<\/section>\n\t\t\t\t<section class=\"elementor-section elementor-top-section elementor-element elementor-element-4529170 elementor-section-boxed elementor-section-height-default elementor-section-height-default\" data-id=\"4529170\" data-element_type=\"section\">\n\t\t\t\t\t\t<div class=\"elementor-container elementor-column-gap-default\">\n\t\t\t\t\t<div class=\"elementor-column elementor-col-50 elementor-top-column elementor-element elementor-element-270493d\" data-id=\"270493d\" data-element_type=\"column\">\n\t\t\t<div class=\"elementor-widget-wrap elementor-element-populated\">\n\t\t\t\t\t\t<div class=\"elementor-element elementor-element-1bf034f elementor-invisible elementor-widget elementor-widget-image\" data-id=\"1bf034f\" data-element_type=\"widget\" data-settings=\"{&quot;_animation&quot;:&quot;fadeInLeft&quot;}\" data-widget_type=\"image.default\">\n\t\t\t\t<div class=\"elementor-widget-container\">\n\t\t\t\t\t\t\t\t\t\t\t\t\t\t\t<img fetchpriority=\"high\" decoding=\"async\" width=\"750\" height=\"501\" src=\"https:\/\/tbrabogados.es\/wp-content\/uploads\/2021\/05\/divorcio-1024x684.jpg\" class=\"attachment-large size-large wp-image-1080\" alt=\"\" srcset=\"https:\/\/tbrabogados.es\/wp-content\/uploads\/2021\/05\/divorcio-1024x684.jpg 1024w, https:\/\/tbrabogados.es\/wp-content\/uploads\/2021\/05\/divorcio-300x200.jpg 300w, https:\/\/tbrabogados.es\/wp-content\/uploads\/2021\/05\/divorcio-768x513.jpg 768w, https:\/\/tbrabogados.es\/wp-content\/uploads\/2021\/05\/divorcio-1536x1025.jpg 1536w, https:\/\/tbrabogados.es\/wp-content\/uploads\/2021\/05\/divorcio-2048x1367.jpg 2048w, https:\/\/tbrabogados.es\/wp-content\/uploads\/2021\/05\/divorcio-360x240.jpg 360w\" sizes=\"(max-width: 750px) 100vw, 750px\" \/>\t\t\t\t\t\t\t\t\t\t\t\t\t\t\t<\/div>\n\t\t\t\t<\/div>\n\t\t\t\t\t<\/div>\n\t\t<\/div>\n\t\t\t\t<div class=\"elementor-column elementor-col-50 elementor-top-column elementor-element elementor-element-677a3b6\" data-id=\"677a3b6\" data-element_type=\"column\">\n\t\t\t<div class=\"elementor-widget-wrap elementor-element-populated\">\n\t\t\t\t\t\t<div class=\"elementor-element elementor-element-0cd2416 elementor-widget elementor-widget-text-editor\" data-id=\"0cd2416\" data-element_type=\"widget\" data-widget_type=\"text-editor.default\">\n\t\t\t\t<div class=\"elementor-widget-container\">\n\t\t\t\t\t\t\t\t\t<ul>\n<li>Divorcios y separaciones<\/li>\n<li>Demandas de ejecuci\u00f3n de sentencias<\/li>\n<li>Liquidaci\u00f3n de gananciales<\/li>\n<li>Modificaci\u00f3n de medidas paterno-filiales<\/li>\n<li>Custodia compartida<\/li>\n<li>Pensi\u00f3n compensatoria<\/li>\n<li>Pensi\u00f3n de alimentos<\/li>\n<li>Privaci\u00f3n de la patria potestad<\/li>\n<li>Emancipaciones<\/li>\n<li>Incapacitaci\u00f3n judicial<\/li>\n<\/ul>\t\t\t\t\t\t\t\t<\/div>\n\t\t\t\t<\/div>\n\t\t\t\t\t<\/div>\n\t\t<\/div>\n\t\t\t\t\t<\/div>\n\t\t<\/section>\n\t\t\t\t<section class=\"elementor-section elementor-top-section elementor-element elementor-element-c67a45e elementor-section-boxed elementor-section-height-default elementor-section-height-default\" data-id=\"c67a45e\" data-element_type=\"section\">\n\t\t\t\t\t\t<div class=\"elementor-container elementor-column-gap-default\">\n\t\t\t\t\t<div class=\"elementor-column elementor-col-100 elementor-top-column elementor-element elementor-element-431759f\" data-id=\"431759f\" data-element_type=\"column\">\n\t\t\t<div class=\"elementor-widget-wrap elementor-element-populated\">\n\t\t\t\t\t\t<div class=\"elementor-element elementor-element-8f538c9 elementor-widget elementor-widget-spacer\" data-id=\"8f538c9\" data-element_type=\"widget\" data-widget_type=\"spacer.default\">\n\t\t\t\t<div class=\"elementor-widget-container\">\n\t\t\t\t\t\t\t<div class=\"elementor-spacer\">\n\t\t\t<div class=\"elementor-spacer-inner\"><\/div>\n\t\t<\/div>\n\t\t\t\t\t\t<\/div>\n\t\t\t\t<\/div>\n\t\t\t\t\t<\/div>\n\t\t<\/div>\n\t\t\t\t\t<\/div>\n\t\t<\/section>\n\t\t\t\t<section class=\"elementor-section elementor-top-section elementor-element elementor-element-ceba374 elementor-section-boxed elementor-section-height-default elementor-section-height-default\" data-id=\"ceba374\" data-element_type=\"section\">\n\t\t\t\t\t\t<div class=\"elementor-container elementor-column-gap-default\">\n\t\t\t\t\t<div class=\"elementor-column elementor-col-100 elementor-top-column elementor-element elementor-element-88f627e\" data-id=\"88f627e\" data-element_type=\"column\">\n\t\t\t<div class=\"elementor-widget-wrap elementor-element-populated\">\n\t\t\t\t\t\t<div class=\"elementor-element elementor-element-faa80c5 elementor-widget elementor-widget-heading\" data-id=\"faa80c5\" data-element_type=\"widget\" data-widget_type=\"heading.default\">\n\t\t\t\t<div class=\"elementor-widget-container\">\n\t\t\t\t\t<h2 class=\"elementor-heading-title elementor-size-xl\">ACCIDENTES DE TR\u00c1FICO<\/h2>\t\t\t\t<\/div>\n\t\t\t\t<\/div>\n\t\t\t\t\t<\/div>\n\t\t<\/div>\n\t\t\t\t\t<\/div>\n\t\t<\/section>\n\t\t\t\t<section class=\"elementor-section elementor-top-section elementor-element elementor-element-81a9454 elementor-section-boxed elementor-section-height-default elementor-section-height-default\" data-id=\"81a9454\" data-element_type=\"section\">\n\t\t\t\t\t\t<div class=\"elementor-container elementor-column-gap-default\">\n\t\t\t\t\t<div class=\"elementor-column elementor-col-50 elementor-top-column elementor-element elementor-element-294d6af\" data-id=\"294d6af\" data-element_type=\"column\">\n\t\t\t<div class=\"elementor-widget-wrap elementor-element-populated\">\n\t\t\t\t\t\t<div class=\"elementor-element elementor-element-fc479c7 elementor-invisible elementor-widget elementor-widget-image\" data-id=\"fc479c7\" data-element_type=\"widget\" data-settings=\"{&quot;_animation&quot;:&quot;fadeInLeft&quot;}\" data-widget_type=\"image.default\">\n\t\t\t\t<div class=\"elementor-widget-container\">\n\t\t\t\t\t\t\t\t\t\t\t\t\t\t\t<img decoding=\"async\" width=\"750\" height=\"501\" src=\"https:\/\/tbrabogados.es\/wp-content\/uploads\/2021\/05\/accidente-min-1024x684.jpg\" class=\"attachment-large size-large wp-image-1078\" alt=\"\" srcset=\"https:\/\/tbrabogados.es\/wp-content\/uploads\/2021\/05\/accidente-min-1024x684.jpg 1024w, https:\/\/tbrabogados.es\/wp-content\/uploads\/2021\/05\/accidente-min-300x200.jpg 300w, https:\/\/tbrabogados.es\/wp-content\/uploads\/2021\/05\/accidente-min-768x513.jpg 768w, https:\/\/tbrabogados.es\/wp-content\/uploads\/2021\/05\/accidente-min-1536x1025.jpg 1536w, https:\/\/tbrabogados.es\/wp-content\/uploads\/2021\/05\/accidente-min-2048x1367.jpg 2048w, https:\/\/tbrabogados.es\/wp-content\/uploads\/2021\/05\/accidente-min-360x240.jpg 360w\" sizes=\"(max-width: 750px) 100vw, 750px\" \/>\t\t\t\t\t\t\t\t\t\t\t\t\t\t\t<\/div>\n\t\t\t\t<\/div>\n\t\t\t\t\t<\/div>\n\t\t<\/div>\n\t\t\t\t<div class=\"elementor-column elementor-col-50 elementor-top-column elementor-element elementor-element-78d1d84\" data-id=\"78d1d84\" data-element_type=\"column\">\n\t\t\t<div class=\"elementor-widget-wrap elementor-element-populated\">\n\t\t\t\t\t\t<div class=\"elementor-element elementor-element-c8f27a9 elementor-widget elementor-widget-text-editor\" data-id=\"c8f27a9\" data-element_type=\"widget\" data-widget_type=\"text-editor.default\">\n\t\t\t\t<div class=\"elementor-widget-container\">\n\t\t\t\t\t\t\t\t\t<ul><li>Reclamaci\u00f3n de accidentes como conductor u ocupante.<\/li><li>Reclamaci\u00f3n de atropellos como peat\u00f3n o ciclista.<\/li><li>Reclamaci\u00f3n de indemnizaciones por ca\u00eddas en v\u00eda p\u00fablica.<\/li><li>Reclamaci\u00f3n de accidentes con fallecimientos, lesiones graves o grandes lesionados.<\/li><li>Reclamaci\u00f3n de accidentes por Alcoholemias o Delitos contra la seguridad vial.<\/li><\/ul>\t\t\t\t\t\t\t\t<\/div>\n\t\t\t\t<\/div>\n\t\t\t\t\t<\/div>\n\t\t<\/div>\n\t\t\t\t\t<\/div>\n\t\t<\/section>\n\t\t\t\t<section class=\"elementor-section elementor-top-section elementor-element elementor-element-6b01d91 elementor-section-boxed elementor-section-height-default elementor-section-height-default\" data-id=\"6b01d91\" data-element_type=\"section\">\n\t\t\t\t\t\t<div class=\"elementor-container elementor-column-gap-default\">\n\t\t\t\t\t<div class=\"elementor-column elementor-col-100 elementor-top-column elementor-element elementor-element-876bb1d\" data-id=\"876bb1d\" data-element_type=\"column\">\n\t\t\t<div class=\"elementor-widget-wrap elementor-element-populated\">\n\t\t\t\t\t\t<div class=\"elementor-element elementor-element-447ddf8 elementor-widget elementor-widget-spacer\" data-id=\"447ddf8\" data-element_type=\"widget\" data-widget_type=\"spacer.default\">\n\t\t\t\t<div class=\"elementor-widget-container\">\n\t\t\t\t\t\t\t<div class=\"elementor-spacer\">\n\t\t\t<div class=\"elementor-spacer-inner\"><\/div>\n\t\t<\/div>\n\t\t\t\t\t\t<\/div>\n\t\t\t\t<\/div>\n\t\t\t\t\t<\/div>\n\t\t<\/div>\n\t\t\t\t\t<\/div>\n\t\t<\/section>\n\t\t\t\t<section class=\"elementor-section elementor-top-section elementor-element elementor-element-1c0cc57 elementor-section-boxed elementor-section-height-default elementor-section-height-default\" data-id=\"1c0cc57\" data-element_type=\"section\">\n\t\t\t\t\t\t<div class=\"elementor-container elementor-column-gap-default\">\n\t\t\t\t\t<div class=\"elementor-column elementor-col-100 elementor-top-column elementor-element elementor-element-81dd460\" data-id=\"81dd460\" data-element_type=\"column\">\n\t\t\t<div class=\"elementor-widget-wrap elementor-element-populated\">\n\t\t\t\t\t\t<div class=\"elementor-element elementor-element-af9a9be elementor-widget elementor-widget-heading\" data-id=\"af9a9be\" data-element_type=\"widget\" data-widget_type=\"heading.default\">\n\t\t\t\t<div class=\"elementor-widget-container\">\n\t\t\t\t\t<h2 class=\"elementor-heading-title elementor-size-xl\">HERENCIAS Y SUCESIONES<\/h2>\t\t\t\t<\/div>\n\t\t\t\t<\/div>\n\t\t\t\t\t<\/div>\n\t\t<\/div>\n\t\t\t\t\t<\/div>\n\t\t<\/section>\n\t\t\t\t<section class=\"elementor-section elementor-top-section elementor-element elementor-element-df7bff0 elementor-section-boxed elementor-section-height-default elementor-section-height-default\" data-id=\"df7bff0\" data-element_type=\"section\">\n\t\t\t\t\t\t<div class=\"elementor-container elementor-column-gap-default\">\n\t\t\t\t\t<div class=\"elementor-column elementor-col-50 elementor-top-column elementor-element elementor-element-2cd93fe\" data-id=\"2cd93fe\" data-element_type=\"column\">\n\t\t\t<div class=\"elementor-widget-wrap elementor-element-populated\">\n\t\t\t\t\t\t<div class=\"elementor-element elementor-element-40ba83c elementor-invisible elementor-widget elementor-widget-image\" data-id=\"40ba83c\" data-element_type=\"widget\" data-settings=\"{&quot;_animation&quot;:&quot;fadeInLeft&quot;}\" data-widget_type=\"image.default\">\n\t\t\t\t<div class=\"elementor-widget-container\">\n\t\t\t\t\t\t\t\t\t\t\t\t\t\t\t<img decoding=\"async\" width=\"750\" height=\"500\" src=\"https:\/\/tbrabogados.es\/wp-content\/uploads\/2021\/03\/contract-1464917_1920-1024x683.jpg\" class=\"attachment-large size-large wp-image-453\" alt=\"\" srcset=\"https:\/\/tbrabogados.es\/wp-content\/uploads\/2021\/03\/contract-1464917_1920-1024x683.jpg 1024w, https:\/\/tbrabogados.es\/wp-content\/uploads\/2021\/03\/contract-1464917_1920-300x200.jpg 300w, https:\/\/tbrabogados.es\/wp-content\/uploads\/2021\/03\/contract-1464917_1920-768x512.jpg 768w, https:\/\/tbrabogados.es\/wp-content\/uploads\/2021\/03\/contract-1464917_1920-1536x1024.jpg 1536w, https:\/\/tbrabogados.es\/wp-content\/uploads\/2021\/03\/contract-1464917_1920-360x240.jpg 360w, https:\/\/tbrabogados.es\/wp-content\/uploads\/2021\/03\/contract-1464917_1920.jpg 1920w\" sizes=\"(max-width: 750px) 100vw, 750px\" \/>\t\t\t\t\t\t\t\t\t\t\t\t\t\t\t<\/div>\n\t\t\t\t<\/div>\n\t\t\t\t\t<\/div>\n\t\t<\/div>\n\t\t\t\t<div class=\"elementor-column elementor-col-50 elementor-top-column elementor-element elementor-element-824f918\" data-id=\"824f918\" data-element_type=\"column\">\n\t\t\t<div class=\"elementor-widget-wrap elementor-element-populated\">\n\t\t\t\t\t\t<div class=\"elementor-element elementor-element-dac1428 elementor-widget elementor-widget-text-editor\" data-id=\"dac1428\" data-element_type=\"widget\" data-widget_type=\"text-editor.default\">\n\t\t\t\t<div class=\"elementor-widget-container\">\n\t\t\t\t\t\t\t\t\t<ul><li>Tramitaci\u00f3n de herencias<\/li><li>Aceptaci\u00f3n de herencias<\/li><li>Impugnaci\u00f3n de herencias<\/li><li>Renuncia de herencias<\/li><li>Partici\u00f3n de herencias<\/li><li>Divisi\u00f3n judicial de herencias<\/li><li>Herencia sin testamento<\/li><li>Impuesto de sucesiones<\/li><li>Plusval\u00edas municipales<\/li><\/ul>\t\t\t\t\t\t\t\t<\/div>\n\t\t\t\t<\/div>\n\t\t\t\t\t<\/div>\n\t\t<\/div>\n\t\t\t\t\t<\/div>\n\t\t<\/section>\n\t\t\t\t<section class=\"elementor-section elementor-top-section elementor-element elementor-element-8a2b897 elementor-section-boxed elementor-section-height-default elementor-section-height-default\" data-id=\"8a2b897\" data-element_type=\"section\">\n\t\t\t\t\t\t<div class=\"elementor-container elementor-column-gap-default\">\n\t\t\t\t\t<div class=\"elementor-column elementor-col-100 elementor-top-column elementor-element elementor-element-a235fea\" data-id=\"a235fea\" data-element_type=\"column\">\n\t\t\t<div class=\"elementor-widget-wrap elementor-element-populated\">\n\t\t\t\t\t\t<div class=\"elementor-element elementor-element-4de9323 elementor-widget elementor-widget-spacer\" data-id=\"4de9323\" data-element_type=\"widget\" data-widget_type=\"spacer.default\">\n\t\t\t\t<div class=\"elementor-widget-container\">\n\t\t\t\t\t\t\t<div class=\"elementor-spacer\">\n\t\t\t<div class=\"elementor-spacer-inner\"><\/div>\n\t\t<\/div>\n\t\t\t\t\t\t<\/div>\n\t\t\t\t<\/div>\n\t\t\t\t\t<\/div>\n\t\t<\/div>\n\t\t\t\t\t<\/div>\n\t\t<\/section>\n\t\t\t\t<section class=\"elementor-section elementor-top-section elementor-element elementor-element-81bd3b8 elementor-section-boxed elementor-section-height-default elementor-section-height-default\" data-id=\"81bd3b8\" data-element_type=\"section\">\n\t\t\t\t\t\t<div class=\"elementor-container elementor-column-gap-default\">\n\t\t\t\t\t<div class=\"elementor-column elementor-col-100 elementor-top-column elementor-element elementor-element-0166bd9\" data-id=\"0166bd9\" data-element_type=\"column\">\n\t\t\t<div class=\"elementor-widget-wrap elementor-element-populated\">\n\t\t\t\t\t\t<div class=\"elementor-element elementor-element-bf83605 elementor-widget elementor-widget-heading\" data-id=\"bf83605\" data-element_type=\"widget\" data-widget_type=\"heading.default\">\n\t\t\t\t<div class=\"elementor-widget-container\">\n\t\t\t\t\t<h2 class=\"elementor-heading-title elementor-size-xl\">RECUPERACI\u00d3N DE MOROSIDAD<\/h2>\t\t\t\t<\/div>\n\t\t\t\t<\/div>\n\t\t\t\t\t<\/div>\n\t\t<\/div>\n\t\t\t\t\t<\/div>\n\t\t<\/section>\n\t\t\t\t<section class=\"elementor-section elementor-top-section elementor-element elementor-element-d244692 elementor-section-boxed elementor-section-height-default elementor-section-height-default\" data-id=\"d244692\" data-element_type=\"section\">\n\t\t\t\t\t\t<div class=\"elementor-container elementor-column-gap-default\">\n\t\t\t\t\t<div class=\"elementor-column elementor-col-50 elementor-top-column elementor-element elementor-element-c827f0c\" data-id=\"c827f0c\" data-element_type=\"column\">\n\t\t\t<div class=\"elementor-widget-wrap elementor-element-populated\">\n\t\t\t\t\t\t<div class=\"elementor-element elementor-element-f5df498 elementor-invisible elementor-widget elementor-widget-image\" data-id=\"f5df498\" data-element_type=\"widget\" data-settings=\"{&quot;_animation&quot;:&quot;fadeInLeft&quot;}\" data-widget_type=\"image.default\">\n\t\t\t\t<div class=\"elementor-widget-container\">\n\t\t\t\t\t\t\t\t\t\t\t\t\t\t\t<img loading=\"lazy\" decoding=\"async\" width=\"750\" height=\"500\" src=\"https:\/\/tbrabogados.es\/wp-content\/uploads\/2021\/05\/deuda-min-1024x683.jpg\" class=\"attachment-large size-large wp-image-1081\" alt=\"\" srcset=\"https:\/\/tbrabogados.es\/wp-content\/uploads\/2021\/05\/deuda-min-1024x683.jpg 1024w, https:\/\/tbrabogados.es\/wp-content\/uploads\/2021\/05\/deuda-min-300x200.jpg 300w, https:\/\/tbrabogados.es\/wp-content\/uploads\/2021\/05\/deuda-min-768x513.jpg 768w, https:\/\/tbrabogados.es\/wp-content\/uploads\/2021\/05\/deuda-min-1536x1025.jpg 1536w, https:\/\/tbrabogados.es\/wp-content\/uploads\/2021\/05\/deuda-min-2048x1367.jpg 2048w, https:\/\/tbrabogados.es\/wp-content\/uploads\/2021\/05\/deuda-min-360x240.jpg 360w\" sizes=\"(max-width: 750px) 100vw, 750px\" \/>\t\t\t\t\t\t\t\t\t\t\t\t\t\t\t<\/div>\n\t\t\t\t<\/div>\n\t\t\t\t\t<\/div>\n\t\t<\/div>\n\t\t\t\t<div class=\"elementor-column elementor-col-50 elementor-top-column elementor-element elementor-element-61eca6e\" data-id=\"61eca6e\" data-element_type=\"column\">\n\t\t\t<div class=\"elementor-widget-wrap elementor-element-populated\">\n\t\t\t\t\t\t<div class=\"elementor-element elementor-element-e84c64c elementor-widget elementor-widget-text-editor\" data-id=\"e84c64c\" data-element_type=\"widget\" data-widget_type=\"text-editor.default\">\n\t\t\t\t<div class=\"elementor-widget-container\">\n\t\t\t\t\t\t\t\t\t<ul><li>Recuperaci\u00f3n de pagos nacionales<\/li><li>Reclamaci\u00f3n extrajudicial de deudas<\/li><li>Reclamaci\u00f3n judicial de deudas<\/li><li>Procedimiento monitorio<\/li><li>Procedimiento ordinario<\/li><li>Procedimiento verbal<\/li><li>Procedimiento cambiario\u00a0<\/li><li>Procedimientos ejecutivos<\/li><\/ul>\t\t\t\t\t\t\t\t<\/div>\n\t\t\t\t<\/div>\n\t\t\t\t\t<\/div>\n\t\t<\/div>\n\t\t\t\t\t<\/div>\n\t\t<\/section>\n\t\t\t\t<section class=\"elementor-section elementor-top-section elementor-element elementor-element-9cc7042 elementor-section-boxed elementor-section-height-default elementor-section-height-default\" data-id=\"9cc7042\" data-element_type=\"section\">\n\t\t\t\t\t\t<div class=\"elementor-container elementor-column-gap-default\">\n\t\t\t\t\t<div class=\"elementor-column elementor-col-100 elementor-top-column elementor-element elementor-element-1399d43\" data-id=\"1399d43\" data-element_type=\"column\">\n\t\t\t<div class=\"elementor-widget-wrap elementor-element-populated\">\n\t\t\t\t\t\t<div class=\"elementor-element elementor-element-5de45ea elementor-widget elementor-widget-spacer\" data-id=\"5de45ea\" data-element_type=\"widget\" data-widget_type=\"spacer.default\">\n\t\t\t\t<div class=\"elementor-widget-container\">\n\t\t\t\t\t\t\t<div class=\"elementor-spacer\">\n\t\t\t<div class=\"elementor-spacer-inner\"><\/div>\n\t\t<\/div>\n\t\t\t\t\t\t<\/div>\n\t\t\t\t<\/div>\n\t\t\t\t\t<\/div>\n\t\t<\/div>\n\t\t\t\t\t<\/div>\n\t\t<\/section>\n\t\t\t\t<\/div>\n\t\t","protected":false},"excerpt":{"rendered":"<p>DERECHO DE FAMILIA Divorcios y separaciones Demandas de ejecuci\u00f3n de sentencias Liquidaci\u00f3n de gananciales Modificaci\u00f3n de medidas paterno-filiales Custodia compartida Pensi\u00f3n compensatoria Pensi\u00f3n de alimentos Privaci\u00f3n de la patria potestad Emancipaciones Incapacitaci\u00f3n judicial ACCIDENTES DE TR\u00c1FICO Reclamaci\u00f3n de accidentes como conductor u ocupante. Reclamaci\u00f3n de atropellos como peat\u00f3n o ciclista. [&hellip;]<\/p>\n","protected":false},"author":1,"featured_media":0,"parent":0,"menu_order":0,"comment_status":"closed","ping_status":"closed","template":"page-templates\/template-fullwidth.php","meta":{"footnotes":""},"class_list":["post-17","page","type-page","status-publish","hentry"],"_links":{"self":[{"href":"https:\/\/tbrabogados.es\/index.php?rest_route=\/wp\/v2\/pages\/17","targetHints":{"allow":["GET"]}}],"collection":[{"href":"https:\/\/tbrabogados.es\/index.php?rest_route=\/wp\/v2\/pages"}],"about":[{"href":"https:\/\/tbrabogados.es\/index.php?rest_route=\/wp\/v2\/types\/page"}],"author":[{"embeddable":true,"href":"https:\/\/tbrabogados.es\/index.php?rest_route=\/wp\/v2\/users\/1"}],"replies":[{"embeddable":true,"href":"https:\/\/tbrabogados.es\/index.php?rest_route=%2Fwp%2Fv2%2Fcomments&post=17"}],"version-history":[{"count":234,"href":"https:\/\/tbrabogados.es\/index.php?rest_route=\/wp\/v2\/pages\/17\/revisions"}],"predecessor-version":[{"id":1498,"href":"https:\/\/tbrabogados.es\/index.php?rest_route=\/wp\/v2\/pages\/17\/revisions\/1498"}],"wp:attachment":[{"href":"https:\/\/tbrabogados.es\/index.php?rest_route=%2Fwp%2Fv2%2Fmedia&parent=17"}],"curies":[{"name":"wp","href":"https:\/\/api.w.org\/{rel}","templated":true}]}}